 11, what is 0 - -9301?
9301
In base 9, what is -17746 + -114?
-17861
In base 3, what is -10112002202 - 0?
-10112002202
In base 13, what is -30669 + 3?
-30666
In base 8, what is 3 + -40656?
-40653
In base 4, what is -111 + 321023?
320312
In base 9, what is 10 + 106700?
106710
In base 2, what is -110110110011011011 - 11?
-110110110011011110
In base 8, what is -103 + 110?
5
In base 11, what is 500 - 33?
478
In base 12, what is -278 - 18a1?
-1b59
In base 2, what is -1011110 - 1111010100111?
-1111100000101
In base 9, what is -4 + 36481?
36476
In base 13, what is -3609c - 3?
-360a2
In base 12, what is -39 + -3b90?
-4009
In base 9, what is 636 + -207?
428
In base 13, what is -2c - -4?
-28
In base 5, what is -13 + 4143?
4130
In base 2, what is -11000000111101 - -10001?
-11000000101100
In base 16, what is 1136a - 13?
11357
In base 8, what is -4 + -220641?
-220645
In base 16, what is c - 28f4?
-28e8
In base 10, what is -18829 - 6?
-18835
In base 10, what is 1 - 1202?
-1201
In base 7, what is 401112 - 13?
401066
In base 8, what is -1060513 + 1?
-1060512
In base 6, what is -102330 - -42?
-102244
In base 16, what is -2aefd - -3?
-2aefa
In base 2, what is 1000110010110 + 1?
1000110010111
In base 11, what is 306a - 1121?
1a49
In base 16, what is 7164 + -10?
7154
In base 15, what is 1274 - 3?
1271
In base 11, what is 36 - 3755?
-371a
In base 9, what is -36 + 751?
714
In base 9, what is -221 - 267?
-488
In base 12, what is 1026 + -83?
b63
In base 16, what is 4eb + -9c?
44f
In base 2, what is -100100 - -101100011111?
101011111011
In base 9, what is 4570 - -145?
4725
In base 11, what is -62342 - 4?
-62346
In base 6, what is 5 + 1113035?
1113044
In base 13, what is -4 + -6c89c?
-6c8a3
In base 2, what is -110010011011101001 - 1?
-110010011011101010
In base 13, what is -6 + 1865?
185c
In base 13, what is -37 + -217b?
-21b5
In base 7, what is 3031655 - 4?
3031651
In base 13, what is -23a + 68?
-1a2
In base 9, what is -158 - 182?
-351
In base 16, what is -c9 - -567?
49e
In base 5, what is -11 - -4020?
4004
In base 2, what is 10001011001000 - -1010000?
10001100011000
In base 8, what is 7 + -6205?
-6176
In base 6, what is 50 - -103544?
104034
In base 3, what is -11 - 111120221?
-111121002
In base 9, what is 55 + -8788?
-8733
In base 14, what is 5 - -8805?
880a
In base 9, what is -16 + 6660?
6643
In base 13, what is -2 - -725a8?
725a6
In base 13, what is 13 + 4aa1?
4ab4
In base 13, what is bc + -42ab?
-41bc
In base 12, what is -18 + -3063b?
-30657
In base 8, what is 3 + -1747461?
-1747456
In base 11, what is -4 - 6a06?
-6a0a
In base 11, what is -2 + -aa8?
-aaa
In base 14, what is 6c - 16?
56
In base 9, what is 5 + 337046?
337052
In base 5, what is -31312 - -4233?
-22024
In base 12, what is 1 + -2998?
-2997
In base 10, what is 304 - 0?
304
In base 16, what is -57a - -1e?
-55c
In base 2, what is -11001001110011110101 + -11?
-11001001110011111000
In base 3, what is -10200 + -2210222?
-2221122
In base 2, what is 10000010001011101111 + 1101?
10000010001011111100
In base 14, what is b59c - -7a?
b638
In base 9, what is -7 - 1647?
-1655
In base 16, what is 6c - 2771?
-2705
In base 10, what is 4421 - 54?
4367
In base 7, what is -1112 + 133?
-646
In base 3, what is -10 + -1101220211001?
-1101220211011
In base 3, what is 11122 + 1002010?
1020202
In base 12, what is -3 + -b749?
-b750
In base 3, what is -12 - -212112202?
212112120
In base 4, what is 2322310 + -10?
2322300
In base 4, what is -1023002333 + -11?
-1023003010
In base 11, what is 25463 + -2?
25461
In base 4, what is -1232 + -321102?
-323000
In base 6, what is 35 - -10145?
10224
In base 16, what is e7f4 + -d?
e7e7
In base 6, what is -2135 - 11233?
-13412
In base 9, what is -1024 + -536?
-1561
In base 9, what is 418 - 23?
385
In base 6, what is 20102 + -3201?
12501
In base 10, what is 1748252 + -2?
1748250
In base 10, what is -2 - -14647?
14645
In base 10, what is 0 - -121434?
121434
In base 16, what is -3 - -42e3?
42e0
In base 3, what is -2 - -10101000?
10100221
In base 3, what is -11201220 + 110?
-11201110
In base 7, what is 1120 - -4053?
5203
In base 14, what is -104 + -68?
-16c
In base 4, what is 1213 - 23100?
-21221
In base 15, what is -4 + e79e?
e79a
In base 8, what is -3 - 34304?
-34307
In base 4, what is 1312 - -10220?
12132
In base 5, what is 302 - 131331?
-131024
In base 6, what is 10350 + 1233?
12023
In base 15, what is 68e91 - 5?
68e8b
In base 15, what is -2d341 - 1?
-2d342
In base 6, what is -2005 - 234?
-2243
In base 7, what is 63261 - -34?
63325
In base 14, what is -529 + -8?
-533
In base 2, what is 1110010100001011 - 1100?
1110010011111111
In base 2, what is -10011110110 - 101111?
-10100100101
In base 10, what is 14636 - -9?
14645
In base 6, what is 4315001 + 11?
4315012
In base 13, what is 6 + -3c1?
-3b8
In base 10, what is 33 - 350?
-317
In base 2, what is 100111100111011110 - 101?
100111100111011001
In base 11, what is -105a - 710?
-176a
In base 2, what is -1 + -1011010110011?
-1011010110100
In base 3, what is -202 - -11121011?
11120102
In base 8, what is 1 + -11572?
-11571
In base 2, what is -1001001100100110001 - -1?
-1001001100100110000
In base 9, what is 4 + -503442?
-503437
In base 10, what is 561 - -192?
753
In base 7, what is 5 + -45211?
-45203
In base 2, what is -10100010 + 1011111010?
1001011000
In base 2, what is -11110110111 + 1100110001?
-10010000110
In base 2, what is -100011010 - -101111110?
1100100
In base 7, what is 16 + 11062?
11111
In base 10, what is -1125 - 829?
-1954
In base 13, what is 11c - c249?
-c12a
In base 6, what is 3 + 1122401?
1122404
In base 15, what is 0 - -e1663?
e1663
In base 10, what is -434 + 1121?
687
In base 5, what is -210 + -13421?
-14131
In base 12, what is -126a75 + -1?
-126a76
In base 15, what is 2749 - 1?
2748
In base 15, what is 71d38 - -3?
71d3b
In base 3, what is -12 + 222111111?
222111022
In base 16, what is -5 - 450d?
-4512
In base 9, what is -1112508 - 3?
-1112512
In base 4, what is 32103213 + 32?
32103311
In base 4, what is -3 + -23311023?
-23311032
In base 15, what is 1913e + -2?
1913c
In base 8, what is -61 - 2574?
-2655
In base 16, what is -1 - -7482?
7481
In base 6, what is 5105203 + -4?
5105155
In base 15, what is 6 + -8c2?
-8bb
In base 2, what is 11111010010 - -111?
11111011001
In base 7, what is -10115211 + 4?
-10115204
In base 4, what is -10131213 + -100?
-10131313
In base 12, what is 3 + -214980?
-214979
In base 16, what is -2c + c61?
c35
In base 15, what is 4 - -1465?
1469
In base 8, what is -325 + 270?
-35
In base 14, what is -4 - -3d4d1?
3d4cb
In base 4, what is 3302110 - -110?
3302220
In base 14, what is -281a - -8?
-2812
In base 3, what is -121210001 + -22?
-121210100
In base 13, what is -2a6 + b7?
-1bc
In base 11, what is -35 - -11070?
11036
In base 5, what is -1300 + -1202?
-3002
In base 12, what is 309 - 68?
261
In base 5, what is -14013 - -1423?
-12040
In base 14, what is 877a - -5?
8781
In base 10, what is -41 - 1301?
-1342
In base 14, what is 11021 + -3?
1101c
In base 7, what is 4 - 3140?
-3133
In base 2, what is -10100111010000 - 1111?
-10100111011111
In base 5, what is -24 - 3314344?
-3314423
In base 6, what is -5 - 124232?
-124241
In base 10, what is -36500 - -1?
-36499
In base 8, what is 7 - -2554?
2563
In base 13, what is -2677c + -1?
-26780
In base 12, what is -8 - 1350?
-1358
In base 11, what is -192 - -2091?
19aa
In base 15, what is -90b724 - -5?
-90b71e
In base 12, what is 134607 - -5?
134610
In base 16, what is 3 + 24dea?
24ded
In base 4, what is -1 - 23132331?
-23132332
In base 13, what is 15a70 - 13?
15a5a
In base 5, what is 114331 - -20?
114401
In base 6, what is -4 + 142421?
142413
In base 9, what is -2 + 7630?
7627
In base 9, what is -2672 + 5?
-2666
In base 14, what is 2 + -13b2?
-13b0
In base 3, what is 201 - 100201000?
-100200022
In base 11, what is 23955 - 1a?
23936
In base 4, what is -11 - 1032001300?
-1032001311
In base 10, what is -1 + 23629?
23628
In base 15, what is c1db - 0?
c1db
In base 4, what is 1313212 + -2010?
1311202
In base 7, what is -200 - 240?
-440
In base 9, what is 16 - 125156?
-125140
In base 3, what is -21202211 - -1?
-21202210
In base 2, what is -100 + 11011111111010101010?
11011111111010100110
In base 7, what is 22360 + -41?
22316
In base 16, what is -3 - 13e?
-141
In base 4, what is 3 - 1